uppose a + 4*y = -k, 4*a - 3 - 25 = -y. Calculate the greatest common factor of a and 20.
4
Let i(f) = 2*f**3 - f**2 - 8*f - 2. Let d be i(4). Calculate the highest common factor of 52 and d.
26
Suppose -10 = -f - 2*p + 5, -5*p + 25 = 0. Suppose 0 = 2*u - 62 - 8. Calculate the highest common factor of u and f.
5
Suppose -u + 8 = 3, a = u + 13. What is the highest common divisor of 6 and a?
6
Suppose 2*q + 4*q = 0. Suppose q*h - y + 137 = 3*h, -4*h = 4*y - 188. What is the greatest common divisor of h and 5?
5
Let c be ((-12)/10)/((-4)/(-10)). Let k(h) = 4*h**2 + 5*h + 3. Let t be k(c). Let j = 48 - t. What is the highest common factor of j and 3?
3
Let g = 5 - 2. Suppose 0 = g*a - 27 - 3. Let q = 12 - 7. What is the greatest common divisor of q and a?
5
Let h = -43 + 78. Calculate the greatest common divisor of h and 140.
35
Suppose 52 = f + 5*n, -4*f + 0*f + 5*n + 233 = 0. Calculate the greatest common factor of f and 38.
19
Let j(d) = -2*d**2 + 2*d + 13. Let o be j(0). What is the highest common divisor of 13 and o?
13
Let s be 2 + -4*45/(-6). Let d = s + -22. Calculate the greatest common factor of 20 and d.
10
Suppose -2*p - 7*r + 30 = -2*r, -5*r = -3*p - 5. Calculate the highest common divisor of p and 15.
5
Suppose 4*t - 12 = 8. Suppose 290 = 4*f + t*q, -5*f + 5*q + 74 = -266. Let l = 27 - 17. What is the greatest common factor of f and l?
10
Suppose m = l - 11, -2*l = -l - 3*m - 9. Suppose -80 = -4*p - l. What is the highest common divisor of p and 102?
17
Let x(k) = 4*k - 1. Let z be x(-2). Let p be (-20)/(-9) + 2/z. Suppose s = -p*s + 15. What is the highest common divisor of 1 and s?
1
Suppose 0 = 3*l + b - 161, 2*b = -b - 12. Suppose 15 = -5*p, -5*y + 30 = 4*p - 13. Let g = y + -6. Calculate the greatest common factor of g and l.
5
Let d be 14*(-2 + 1)*-1. Suppose -72 = f - 5*f. Suppose -f + 4 = -z. Calculate the highest common divisor of z and d.
14
Let p be 9 - 1*(-2 - 0). Calculate the highest common divisor of 44 and p.
11
Let a = -7 - -19. Suppose -q + 2*q - a = 0. Suppose 0 = 5*k - 7 - 33. Calculate the highest common factor of q and k.
4
Suppose 1 = 5*i - 4. Calculate the highest common factor of i and 1.
1
Suppose 0 = 5*g - 96 + 31. Suppose -3*k = -g - 14. Calculate the greatest common factor of 72 and k.
9
Suppose r = 5*s + 125 + 129, -4*r + 4*s = -1048. Let b(g) = 8*g - 24. Let a be b(6). What is the highest common factor of a and r?
24
Suppose -5*n = 2*l - 156, 2*l = 5*n - l - 141. What is the highest common divisor of 45 and n?
15
Suppose 5*r + 0*r = 3*m + 1675, m + 1347 = 4*r. Suppose 3 = -4*o - 5, 3*v - 4*o = r. Calculate the highest common factor of v and 22.
22
Let x = 27 + 25. Let u = 297 + -169. Suppose -2*n = 2*g - 36, 5*n = -3*g + u - 48. What is the highest common divisor of n and x?
13
Suppose h - 66 = 66. Suppose 3*k + 23 = 5*t - 49, -4*t - 5*k = -28. What is the greatest common factor of h and t?
12
Let h(v) = -v**2 + 6*v + 9. Let d be h(7). Suppose -3*z + 50 = d*z. What is the highest common divisor of z and 10?
10
Suppose -5*q + 13 = 5*b - 2*q, -b + 17 = -3*q. Suppose -2*l + 5*l - 5 = -2*y, -b*y + 4 = -l. Calculate the greatest common divisor of 1 and y.
1
Let g(i) = 9*i**2 + 2*i - 2. Let d be g(-2). Calculate the greatest common divisor of 75 and d.
15
Let z be 165/12 - 3/(-12). What is the greatest common factor of 14 and z?
14
Suppose 2*v - 6 = 0, 3*m - 5*v = 20 + 7. Let q be (2 - 0)/((-3)/(-18)). Let a be -3 + (-4)/(q/(-15)). Calculate the greatest common factor of a and m.
2
Let j be 0/(1 - 3) - -5. What is the highest common divisor of j and 35?
5
Let r = -5 + 9. Suppose -2 = t - r. Let i(z) = 5*z - 1. Let g be i(t). Calculate the highest common divisor of 27 and g.
9
Suppose 4*n - 5*x - 31 = 0, 2*x - 5 = -2*n - 3. Suppose 48 = n*w - w. Calculate the greatest common factor of 128 and w.
16
Let b(h) = -h**2 - 8*h - 3. Let n be b(-6). Suppose 13*u - n*u = 32. Calculate the highest common factor of 1 and u.
1
Let u(h) = 10*h**2 + 3*h - 3. Let y be 2/(4/(-3) + 2). Let l be u(y). What is the highest common factor of 16 and l?
16
Suppose 6 = -5*y + 6*y. Suppose 0 = k - 1, 0 = n - y*n + 4*k + 111. What is the greatest common factor of 207 and n?
23
Let b be 5/((-15)/8)*-3. Let i = 156 - 84. Calculate the highest common divisor of b and i.
8
Suppose -q + 2*z = 0, 0 = -5*q + 2*z - 28 - 4. Let n be (-3)/12 - 802/q. Suppose -4*f - f = -n. What is the greatest common divisor of f and 5?
5
Let f = 169 + -125. What is the greatest common factor of 484 and f?
44
Suppose 0 = -3*y + j - 51, 0 = 2*y + j + 14 + 15. Let u be (-12)/y - (-159)/12. Let x = 184 - 86. What is the highest common factor of x and u?
14
Let i = 11 - 17. Suppose 5 = -u + 3. Let z be (-284)/i + u/(-3). Calculate the highest common divisor of 24 and z.
24
Suppose n - 5 = 0, 0 = v + 5*n - 38 - 97. What is the highest common factor of 10 and v?
10
Let z be 1/1 - (0 + 0). Let m = 37 + -117. Let s be (2/z)/((-4)/m). What is the greatest common factor of 5 and s?
5
Let i be (0 + 0 - 1) + 188. Suppose 0 = -d + 6 + 11. What is the highest common factor of d and i?
17
Let v = -2 - -3. Let o be (v + -2)*(-4)/(-1). Let d(x) = -x**3 - 5*x**2 - 5*x + 4. Let s be d(o). Calculate the greatest common divisor of 8 and s.
8
Let k be -245*(8/(-4))/(1 - -1). Calculate the greatest common divisor of 35 and k.
35
Let f = 11 - -9. Suppose -2*p = -v - 28, -4*v = 3*p - 0*p - f. Suppose -2*k = -s + p, -3*s - 4*k = -0*s - 56. What is the highest common divisor of 4 and s?
4
Let p be ((-1)/(-1))/(5/15). Let h = 11 - 5. Calculate the highest common divisor of h and p.
3
Let c = 56 + -36. Calculate the highest common factor of c and 180.
20
Let d = 4 + -8. Let j = 5 - d. What is the highest common factor of j and 45?
9
Suppose -5*a - 180 = -9*a. What is the highest common factor of 30 and a?
15
Let q be ((-213)/(-9) - -1)*3. Suppose 0*d = -3*d - 4*y + 68, -4*d = -3*y - q. What is the highest common factor of 50 and d?
10
Suppose -x + 5*q = -4*x + 252, 5*x - 4*q = 420. Suppose -8*f + 21 = -7*f. Calculate the highest common divisor of f and x.
21
Let y(j) = j - 1. Let v be y(3). Suppose -v*u + 3*p - 4 = -3*u, 4*u = 2*p + 30. Let k = 26 - -9. What is the greatest common factor of u and k?
7
Let n(z) = 16*z + 1. Let b be n(9). Calculate the greatest common factor of b and 29.
29
Let f = 23 + -16. Let r = f - -61. Calculate the highest common factor of r and 17.
17
Let j be -4*(3 - 1)/4. Let z be j/8 - (-1444)/16. Suppose z = 2*p - 92. What is the highest common factor of p and 13?
13
Let s = -6 + 21. Let f(x) = 7*x**2 - 2*x - 2. Let u = 6 - 8. Let v be f(u). Calculate the highest common factor of v and s.
15
Let d be (-3 - -21) + (-3)/(-1) - 2. Let c(g) = -2*g - 2. Let f be c(3). Let t = d + f. What is the greatest common factor of 1 and t?
1
Let m(d) = -2*d + 32. Let z be m(10). What is the highest common factor of 108 and z?
12
Suppose 5*k - 3*k = 6. Let l be k/9 + 76/6. What is the highest common factor of l and 52?
13
Suppose 0 = 2*u - p - 4, 3*u + 2*p - 16 = u. Suppose v + v - 6 = 0, 4*r + 5*v - 167 = 0. Let d = r + 6. Calculate the greatest common factor of u and d.
4
Suppose 3*p = -p + 8. Suppose 79 = 4*f - 13. Suppose f = -p*q + 113. What is the highest common divisor of 9 and q?
9
Let i(h) = h**2 - 5*h - 6. Let m = 8 + -2. Let u be i(m). Suppose u = s + 4 - 8. What is the greatest common factor of 36 and s?
4
Let q = -12 + 32. Calculate the highest common factor of 20 and q.
20
Let l be (2 - (-40)/(-4))*-11. Calculate the greatest common divisor of 22 and l.
22
Let h(w) = w**3 + 8*w**2 - 4*w - 11. Let d be 2*(3/1)/(-6). Let p = -7 + d. Let s be h(p). What is the highest common factor of s and 14?
7
Suppose -4*z + 0*z = -200. Let c be ((151 - 1)/(-5))/(2/(-5)). What is the greatest common divisor of z and c?
25
Let x = 176 - 57. What is the highest common factor of 17 and x?
17
Let c = 12 + -17. Let m(f) = 3*f**2 + 5*f + 6. Let i be m(c). What is the greatest common divisor of i and 7?
7
Let v(m) = -2 + 11*m**3 + 5*m**2 - 12*m**3 + 0*m**2 + 2*m. Let d be v(5). What is the greatest common divisor of d and 20?
4
Suppose -35 = -5*n + 5. Let q = 4 + 0. Let p be q - (4/(-2) + 2). What is the highest common factor of n and p?
4
Let q(c) = -c**2 + c + 16. Let h be q(0). Suppo